- 2*z**2 + z. Let m be t(1). Suppose -5*k + 0 - m = 0. What is y(k)?
0
Let u(w) be the second derivative of -w**4/12 - w**3/3 - w**2 + 43*w. Determine u(-3).
-5
Let c be -2 + (4 - 0) + -3. Let h(n) = -2*n**3 + 2*n - 1. Let d(l) = -l**3 + l**2 + l + 1. Let u(b) = c*d(b) + h(b). Determine u(-2).
0
Let o be (-4)/3*(-12)/8. Let p(m) = -3*m + m + 2*m**o - 2*m**3 - 2 + m**2. Suppose -2*s - 1 = -5. Determine p(s).
-10
Let h = -2 - -6. Let n(j) = 2*j - 7. Let g(c) = 1. Let l(f) = 3*g(f) + n(f). Determine l(h).
4
Let s(n) be the second derivative of -n + 0 - n**2 - 1/3*n**3. Calculate s(2).
-6
Let a(o) = -o**3 + 4*o**2 - 10*o + 9. Let p(y) = -y + 1. Let s(z) = a(z) - 6*p(z). Determine s(2).
3
Suppose 2*m = -3*b - 9, 2*b + 5 = -3*m - 6. Let u be 1/b*0/(-9). Let r(q) = q**2 - q - 6. Calculate r(u).
-6
Suppose -16*n = -187 + 59. Let u(s) = -s**3 + 7*s**2 + 7*s + 3. What is u(n)?
-5
Let u(s) = 7*s - 13*s + s**2 - s - 2 + 8*s. Let b = -2 + -4. Let v(o) = o**3 + 7*o**2 + 6*o + 2. Let z be v(b). Determine u(z).
4
Let z(t) be the second derivative of t**4/12 - t**3 - 4*t**2 + 11*t. Determine z(7).
-1
Suppose 7*t - 2*t + 5*x = -20, 0 = -t + x + 6. Let j be 0 + -1 + (0 - t). Let m(b) = 2*b**3 + 2*b**2 + 2*b + 3. Give m(j).
-9
Let w = 10 - 7. Let y(i) = 7*i + 4 - w + i**2 - 1 + 2. Suppose 4*m - s = -0*m - 24, 2*m = -s - 12. Calculate y(m).
-4
Let z be ((-1)/2)/(8/48). Let s = -5 - z. Let m be 3*(3 + s) - 0. Let t(q) = q**2 - 6*q. Give t(m).
-9
Let l(o) be the second derivative of -o**3/6 - 3*o**2 - 12*o. Calculate l(-6).
0
Let l(j) = j + 4. Let u = 4 + 3. Let b be (-14)/u - (1 - -7). Let h = -15 - b. What is l(h)?
-1
Let j(f) = 6*f - f**3 - 6*f + f. Give j(1).
0
Let g(l) = l**3 - 5*l**2 - 7*l + 9. Let x be g(6). Let d(m) be the second derivative of m**4/12 - 5*m**3/6 + 3*m**2/2 - 21*m. What is d(x)?
-3
Let o(y) = 3*y**3 - 5*y**2 + 14*y - 5. Let h(q) = -q**3 + 2*q**2 - 5*q + 2. Let n(x) = -17*h(x) - 6*o(x). Give n(-4).
-8
Let t(v) = 3*v - v**2 + 0*v - v**3 - 2*v - 10 + 0*v. Suppose -l - 2*d - 9 = 0, 3*l + 20 = -5*d - 2. Let u = -1 + l. Calculate t(u).
-10
Let k(v) = 14 + 6 - 29 + 1 - v. Determine k(-6).
-2
Let p(q) be the first derivative of -q**2 + 3*q + 1. Suppose 43 - 13 = 5*z. Let i(t) = -t**2 + 9*t - 15. Let l be i(z). Give p(l).
-3
Let o(y) = 2*y + 6. Let d(s) = s. Let j be d(5). Calculate o(j).
16
Let z(s) be the first derivative of s**5/20 - 5*s**4/12 + s**3/6 + 2*s**2 - 7*s - 2. Let u(o) be the first derivative of z(o). Determine u(4).
-8
Suppose 5 = 2*a + 3*a. Let m(i) = i**2 - i + 1. Give m(a).
1
Suppose 4*q - 21 = d + 2*d, 2*d = -6. Let j(v) = -v - 1. Let o(s) = -2*s - 3. Let g(k) = q*j(k) - o(k). Let y = -6 + 5. Give g(y).
1
Let m(t) = -t**2 + 8*t - 3. Let u(k) = -k**2 - 19*k - 28. Let o be u(-17). Give m(o).
9
Let l(g) = -g - 9. Suppose 2*b + 3*u = -0*b + 7, 0 = -5*b - 4*u + 7. Let r(k) = -6*k**2. Let j be r(b). Calculate l(j).
-3
Let t(o) = -27*o - 6. Let f(i) = 28*i + 5. Let v(z) = -6*f(z) - 7*t(z). Let u(l) = 5*l - 1 + 0 + 0 + 4. Let b(h) = -9*u(h) + 2*v(h). Calculate b(-2).
3
Let v(w) = -w**3 + 6*w**2 + 7*w - 5. Let c be v(7). Let i(r) = r**2 + 7*r - 2. Let t(z) = z**2 + 7*z - 3. Let q(p) = -5*i(p) + 4*t(p). Give q(c).
8
Let l = 8 + -6. Let b(m) = -l - 5 - m + 2 + 1. Give b(-5).
1
Let z = 0 - 2. Let m = 2 + z. Let i(a) = -11*a + 4. Let x(p) = -5*p + 2. Let t(o) = 6*i(o) - 13*x(o). Give t(m).
-2
Let y = 2 + 0. Let z be 5/(-2)*8/(-10). Let m(l) = 4*l**z + l**y + 2*l - 2 + 3. Calculate m(-1).
4
Let i(m) = m**3 + 6*m**2 - m. Let d(s) = -2*s**3 - 12*s**2 + 2*s - 1. Let y(p) = 3*d(p) + 5*i(p). Suppose 0 = -5*g + 39 - 69. What is y(g)?
-9
Suppose -3*r + 15 = -60. Let f be (-20)/r - 12/(-15). Let s(o) = -o**3 - o**2 + o + 13. Calculate s(f).
13
Let q(o) be the first derivative of o**5/20 + o**4/12 - o**3/6 + o**2/2 - 4*o - 2. Let f(u) be the first derivative of q(u). Give f(1).
2
Let d be (-10)/45 + (-40)/(-18). Suppose d*y - 4 = -18. Let t(o) = -2*o - 9. Give t(y).
5
Let s = -13 - -18. Suppose -s*d = 10 + 5. Let m(c) = -c**3 - 4*c**2 - 2*c - 1. Determine m(d).
-4
Suppose 0*i + 1 = i. Let o(t) = -i + 2 - 3*t + 2*t. What is o(3)?
-2
Let k(u) be the second derivative of 3/2*u**3 + 0 - 1/12*u**4 + 4*u - 9/2*u**2. Calculate k(7).
5
Let d(f) = -f**3 - 5*f**2 + f - 4. Let i be 100/(-28) - (-3)/(-7). Determine d(i).
-24
Let l(x) = -5*x - 1. Suppose 3*n - 2 = -11. Give l(n).
14
Let s(a) = -a**2 + 2*a + 1. Let o = 15 - 13. Give s(o).
1
Let i(z) be the third derivative of z**5/60 + z**4/8 - z**3 - 2*z**2. What is i(-5)?
4
Let q(b) = b**2 - 5*b - 6. Let y(j) = -j**2 + 5*j + 5. Let u(v) = 5*q(v) + 6*y(v). Suppose i = 5*k - 3*i + 1, -4*i + 13 = -k. Determine u(k).
6
Suppose 0 = -0*b + 3*b + 9. Let w(v) = v**2 + 2*v - 4. Determine w(b).
-1
Suppose -4*j + 30 = -50. Suppose -5*k + 5 = -j. Let c(z) = 2*z**2 - 10*z + 4. Let p(i) = -i**2 + 5*i - 2. Let d(t) = k*p(t) + 2*c(t). Calculate d(5).
-2
Let p(q) = -2*q + 1. Let u(k) = 6*k - 3. Let t(b) = -17*p(b) - 6*u(b). What is t(2)?
-3
Let l(i) = i**3 - 5*i**2 - i - 1. Let p = -46 + 77. Suppose 4*s + 4*z = 36, p - 5 = 2*s + 4*z. Calculate l(s).
-6
Let u = -32 + 26. Let s(t) = -2*t + 2. What is s(u)?
14
Let z = 17 + -23. Let c(q) = 2*q + 9. Give c(z).
-3
Let v = -7 + 10. Let c(j) = -1 + 6*j - 2*j - v*j + j. Give c(6).
11
Suppose -2*g + 2 + 2 = 0. Let l be (-50)/(-18) - 4/(-18). Let h(i) = -3*i - i**2 - g*i + 12*i + 0 - l. Give h(5).
7
Let y(n) = -2*n + 9. Let a be y(4). Let f(g) be the second derivative of 0*g**3 + 2*g - 1/5*g**5 + 0*g**2 - 1/12*g**4 + 0. What is f(a)?
-5
Let r be (-148)/(-6) + (-4)/(-12). Suppose 0 = 5*k + r. Let d(q) = -q - 5. Calculate d(k).
0
Suppose -4*v + 18 = -5*m + 6*m, 3*m + 2 = 2*v. Let t be 1/(m/12*-2). Let a = t + 2. Let p(h) = -6*h**2 + h + 1. Calculate p(a).
-6
Let y(m) = -10*m**2 - 6. Let t(f) = f**2 + 1. Let g(r) = 8*t(r) + y(r). Suppose -1 = 2*v + 3. Let u be 20/9 + v/9. Determine g(u).
-6
Let d(w) = 8*w + w**2 + 2 + 4 - 3 + 5. What is d(-7)?
1
Let r be 2 - (-1 - (0 - 0)). Let n(d) = -6 + 2*d - 3 + r. Suppose -5*m = -3*t + 10, 0 = -0*m + 4*m - 4. What is n(t)?
4
Let l be (-3)/12 - (-63)/28. Let t(u) = 2*u**3 + u**2 - u. What is t(l)?
18
Let m(i) = i**2 + 1. Let q = -4 - -3. Let r(c) = -c**3 + 8*c**2 + c - 6. Let l(p) = q*r(p) + 2*m(p). What is l(6)?
2
Let m(f) = f + 7. Let s be m(-4). Suppose 0 = -2*n + 3*h - 8 - 3, s*h = 3*n + 9. Let g(v) = v**2 + v. Calculate g(n).
6
Let g be -2*(3/(-1))/(-3). Let u(t) = 2*t**2 + 4*t + 3. Determine u(g).
3
Let c(i) = -i**2 + 5*i + 6. Let r be c(6). Let q(w) be the third derivative of -w**4/24 + w**3/6 - w**2. What is q(r)?
1
Let h(j) = -4*j + 7. Let m(x) = -7*x + 13. Let b(k) = -11*h(k) + 6*m(k). Calculate b(-4).
-7
Let a = -6 - -8. Let h(z) = 0*z**2 + 5*z + z**2 - 4 + a. Calculate h(-4).
-6
Let z = 19 + -15. Suppose 4*v - 4 = -4*j, -8 = z*v + 12. Let d(t) = -t**2 + 4*t + 8. Determine d(j).
-4
Let d(c) = -c**2 + 3*c - 4. Suppose 30 = -v - 2*v. Let h be (-2)/v + (-178)/(-10). Let q be (-58)/(-18) - 4/h. Give d(q).
-4
Let u(b) = -2*b**2 + 2. Let i be u(-2). Let v(p) = 2*p - 3. Give v(i).
-15
Let x(o) = o**2 + 3*o**2 - 5*o**2 - 7. Suppose 0 = -u + 4*u - 7*u. Determine x(u).
-7
Let v(t) = -2*t - 2. Suppose 0 = w + 4*q + 17, q + 1 = -3*w - q. Determine v(w).
-8
Let u(j) = j + 1. Suppose 5*t = t - 16. Calculate u(t).
-3
Let i(d) = 10*d**3 - 2*d**2 + 1. Let b be i(-1). Let h = 11 + b. Let k(y) = -y**2 + y - 2. What is k(h)?
-2
Let q(b) = b**3 + 7*b**2 + b - 2. Let l(m) = m**3 - 5*m**2 + 3*m - 3. Let i be l(4). What is q(i)?
-9
Let g(p) = 2*p + 11. Let w(u) = -u - 5. Let j(n) = 2*g(n) + 5*w(n). Give j(-6).
3
Let w(i) = i**3 + 50*i - 1 - 27*i - 3*i**2 - 27*i. What is w(3)?
-13
Let l be (-1)/(4/(-20)*1). Let x(g) = 2*g - 4. Determine x(l).
6
Suppose p - 6 = -p. Let o(u) = 2*u**2 - p*u + u + 4*u + u**3 - u - 1. Determine o(-2).
-3
Let z(s) = 3*s**2 - 8*s - 10. Let o(n) = -n**2 - n - 1. Let j(t) = -4*o(t) - z(t). What is j(-10)?
-6
Let q(y) = 8*y - 98 + 6*y**2 + 33 + 28 + 32 - y**3. Calculate q(7).
2
Suppose i - 18 = -3*o, 0 = -4*i - 4*o + 10 + 30. Let s(m) = -5 - 2*m - m + 4*m. Calculate s(i).
1
Let d(t) be the third derivative of -t**4/12 + 7*t**3/6 - t**2. Let q(m) = -m + 3. Let x = 4 + -9. Let s(b) = x*q(b) + 3*d(b). Give s(4).
2
Let t(f) = 0*f - 6 + 0*f - 4*f - 